e the prime factors of u?
2
Let p(o) = -o + 12. Suppose -4*s - 3*w - 3 = 0, 3*s - 4*s - 2 = 2*w. What are the prime factors of p(s)?
2, 3
Suppose 5*c - 268 = c. What are the prime factors of c?
67
Suppose -2*z - 4*o + 13 = -z, 3*o - 11 = -z. Suppose -2*v - 4*d = 18 - 4, -z*d = 25. What are the prime factors of v/(-1)*(-5)/3?
5
Let n(q) = q**3 + 4*q**2 - 7*q - 6. Let d be n(-5). Let a be (-4)/6*-3*d. Let w(o) = -o**2 + 8*o + 10. What are the prime factors of w(a)?
2, 5
Let m(s) = -15*s + 25. Let c(i) = 5*i - 8. Let h(n) = 10*c(n) + 3*m(n). List the prime factors of h(4).
3, 5
Suppose 4*c - 24 + 0 = 0. Let k = c + -1. List the prime factors of k.
5
Suppose 5*f = -5*g + 100, 3*f + 8 + 1 = 0. Suppose t - g + 3 = 0. Suppose -s - s = -t. List the prime factors of s.
2, 5
Let a = -22 - -37. Let r be ((-2)/4)/(5/90). Let s = a + r. What are the prime factors of s?
2, 3
Suppose -m + 5 = -26. List the prime factors of m.
31
Let w(p) = -6*p + 72. What are the prime factors of w(10)?
2, 3
Let d(l) = 4*l**2 - l - 1. List the prime factors of d(-2).
17
Let q(k) = k**3 + 2*k**2 - 4*k - 1. Let l be q(-3). Suppose l*j - 1 = -p, -2*p - 2*j + 22 = 2*p. Let n = 5 + p. What are the prime factors of n?
2, 3
Suppose 62 = i - 7. What are the prime factors of i?
3, 23
Let g(h) = -2*h - 2*h + 5 + h**3 + 3*h**2 + 3*h**2 - 4*h. Let t = 7 - 14. List the prime factors of g(t).
2, 3
Let k = 171 - 131. What are the prime factors of k?
2, 5
Let d be (-1)/6 + 50/12. Let o(f) = f**3 - 3*f**2 - 2*f. List the prime factors of o(d).
2
Suppose -75 = -3*q + 255. What are the prime factors of q?
2, 5, 11
Let j(t) = -t. Let z be j(-4). List the prime factors of -1 + (0 - -1*z).
3
Let l be 5 + (0/2)/(-1). Let k(c) = c**3 + 6*c**2 - 6*c + 9. Let r be k(-7). Suppose 4*t + a - 12 = 0, 0 = l*t + r*a - 21 + 3. What are the prime factors of t?
2
Let u = -62 + 70. List the prime factors of u.
2
Let c = 9 - 12. List the prime factors of (-240)/(-9) - 1/c.
3
Suppose 5*v - 2 = 3*v. What are the prime factors of (-1)/v - (-21 - -5)?
3, 5
What are the prime factors of 16*((-60)/25)/((-6)/40)?
2
Let k(z) = -2*z - 11. Let v(a) = a**2 + 6*a - 3. Let x be v(-5). Let i be k(x). Suppose 0*c - 30 = -i*c. List the prime factors of c.
2, 3
Suppose 3*k = 2*z - 301, z - 2*z + 140 = -5*k. List the prime factors of z.
5, 31
Let w(d) = -d**2 - 6*d - 3. Let n be w(-4). Suppose -73 = -6*i + i + t, -2*t = -n*i + 71. List the prime factors of i.
3, 5
Suppose 0*z - 140 = -4*z. Let c = -6 - -22. Let f = z - c. List the prime factors of f.
19
Let k = -54 - -165. What are the prime factors of k?
3, 37
Suppose n - 59 = -0*n. Suppose 31 = r - 4*k, 3*k - 49 = -3*r + n. List the prime factors of r.
5, 7
Suppose -39 = -3*t - 6. Let s = t - 3. What are the prime factors of s?
2
Let y(k) = -6*k. Let z be y(-1). List the prime factors of (z/9)/(2/27).
3
Let h = 9 - 3. Suppose 2*l - h*l + 16 = 0. List the prime factors of 5/(-10) - (-30)/l.
7
What are the prime factors of 0 + 4 + (3 - -156)?
163
Let j = -8 + 10. Suppose d + 36 = j*d. List the prime factors of d.
2, 3
Suppose 5*z - 385 = 3*c - 8*c, -376 = -5*z + 4*c. Suppose 12*t = 8*t + z. What are the prime factors of t?
19
What are the prime factors of ((-315)/75)/((-2)/10)?
3, 7
Suppose -2*a = -7*a + 30. Let b = a - 14. Let p = -5 - b. What are the prime factors of p?
3
Let l(z) = -z**3 - 2*z**2 - 3*z - 3. Let v = 2 - 5. Let k be l(v). Suppose 0*u - k = -3*u. List the prime factors of u.
5
Suppose -5*o = 5*n - 45, 4*n + o + 2*o - 36 = 0. Let z = n + -5. Suppose 0 = z*w - 2*p - 26, p - 2*p + 43 = 5*w. List the prime factors of w.
2
Suppose 228 = 19*o - 13*o. List the prime factors of o.
2, 19
Let h be (24/15)/(1/5). Suppose -r - 3*r + h = 0. Suppose r*w - s = -0*w + 8, w + 4*s + 14 = 0. What are the prime factors of w?
2
Suppose -5*s = -4*z - 13, -z = 4*s + 12 - 35. Suppose -z*x + 58 = 3*q + 2*q, -x = -4*q + 43. Let y = q - 2. List the prime factors of y.
3
Let w(i) = -i**3 + 5*i**2 + 9*i - 14. Let k be w(6). Suppose 0*a = -k*a + 136. What are the prime factors of a?
2, 17
Let g = -6 + 4. Let d = g - -4. Suppose -4*i = 5*t - 73, 0 = -d*i + 4*t + 1 + 3. What are the prime factors of i?
2, 3
Let l(z) = z - 6. Let x be l(5). What are the prime factors of 8/1 + (-2)/x?
2, 5
Suppose -3*v = 2*v - 170. What are the prime factors of v?
2, 17
Suppose 0 = -t - 0*t. Suppose -2*h = -t*h - 8. Suppose -h*v - 20 = 0, b - 20 = 2*b + 5*v. What are the prime factors of b?
5
Suppose 4*r - 19 = -n, 2*r + 4 = 3*r + n. Suppose 0*o + 2*o = 4*u - 30, -5*o = -r*u + 30. What are the prime factors of u?
3
Let v(o) be the second derivative of 5*o**3/3 - o**2/2 + o. Let w be v(2). Suppose -9 = -4*f + w. List the prime factors of f.
7
Let i(m) = m**2 - m - 3. Let k be i(3). Let u = k + 42. List the prime factors of (1 - u/3)*-1.
2, 7
Suppose 3*m + 6 = -3*g, -4*g - 2*m = -7*m + 8. What are the prime factors of (g - 1) + 3 + 54?
2, 3
Let c = 16 + -4. Let s(n) = 2*n + 7. Let v be s(c). Suppose -3*d - 4*g + v = 0, 2*d + 2*d + 3*g - 46 = 0. What are the prime factors of d?
13
Let z be 18/15*150/(-9). Let x = -3 - z. Let s = -9 + x. What are the prime factors of s?
2
Suppose 17 = -w + 176. List the prime factors of w.
3, 53
Suppose 4*x + 40 = -24. Let k = 25 - x. What are the prime factors of k?
41
Let y(o) = -2*o**3 - 6*o**2 - o. Let t be y(-4). Suppose 3*q = -6, -3*m = -7*q + 4*q - t. What are the prime factors of m?
2, 5
Suppose 4 = 4*i, 8*s + 3*i - 175 = 4*s. List the prime factors of s.
43
Suppose 0 = -0*y - 3*y + 24. Let s = y - 20. Let t = -7 - s. What are the prime factors of t?
5
Let g be 1/(-2)*(1 + 1). Let o(p) = 3*p**2 - p - 8. Let r(d) = -d**2 + d - 1. Let w(x) = g*o(x) - 2*r(x). List the prime factors of w(0).
2, 5
Let q be 5/(-10)*(-10 + 0). Suppose 4 = 4*j, j = q*o + 21 - 95. List the prime factors of o.
3, 5
Let g be -1 + 0 - 4*-1. Suppose 27 = g*q + 3. What are the prime factors of q?
2
Let j(q) = 3*q**3 - 1. Let p be j(1). Suppose 0 = 4*v - 4*c, 0 = 5*v + p*c + 2*c - 18. What are the prime factors of v?
2
Let v(n) be the first derivative of -n**5/20 - n**4/2 + 5*n**3/6 - n**2 - 3*n - 1. Let w(s) be the first derivative of v(s). List the prime factors of w(-7).
2, 3
Let f(n) = 4*n**2 - 9*n - 21. List the prime factors of f(-8).
307
Let f be 2 + 2 + (-5 - -2). Let r be (2 + f)/((-6)/(-4)). Suppose 0 = -3*u - 4*y + 6, -2*u - 4*y = -r*y - 4. What are the prime factors of u?
2
Let m(w) = -w**3 - w**2 - w. Let c(y) = -y**3 + 2*y**2 + 3*y. Let i(s) = c(s) + 3*m(s). List the prime factors of i(-2).
2, 7
Let l = 5 - 5. Suppose -n + l*n = 3*h + 13, 22 = n - 4*h. Suppose -15 = -3*d + 5*x, n*x + 5 + 0 = d. List the prime factors of d.
5
Suppose 5*k - 14 = 6. Let o = k - -2. List the prime factors of o.
2, 3
Suppose 21*n = 10*n + 979. What are the prime factors of n?
89
Let o = 28 + -31. Let f(k) = k**3 + 5*k**2 - k. Let t be f(-5). Let d = t + o. What are the prime factors of d?
2
List the prime factors of 1026/10 - ((-60)/25)/6.
103
Suppose g + 15 + 9 = -x, 0 = -g + x - 24. What are the prime factors of (6/(-4))/(4/g)?
3
Suppose 5*u - 28 = -13. Suppose -k + 2*k = -u. List the prime factors of 39/6 - k/2.
2
Let u = 3 - 0. Let x = u + 11. What are the prime factors of x?
2, 7
Suppose 3*z = -3*c + 5*c - 2, 5*c = 2*z + 5. Suppose -3*h + 39 = -z*h. What are the prime factors of h?
13
Let m(a) = 3*a + 15. Let s be m(-6). List the prime factors of (-3 - -2) + s + 30.
2, 13
Let j be 4/(4/(-15)) + 2. Let f = -8 - j. Let u = f + 1. List the prime factors of u.
2, 3
Let x = -7 - -7. Let y be x/(-1) - (-357)/7. Suppose 5*h = 3*w + 4*h - y, -w + 19 = -h. List the prime factors of w.
2
Suppose -7*t + 45 = -3*t + 3*u, 2*u = -t + 10. What are the prime factors of t?
2, 3
Let i(w) be the first derivative of w**4/4 + 8*w**3/3 + 3*w**2 - 2. What are the prime factors of i(-7)?
7
Let k be ((-6)/(-2))/(3/7). List the prime factors of k - (-4 - 2/(-2)).
2, 5
Let x = 228 + -148. What are the prime factors of x?
2, 5
Suppose -q - q = -54. Suppose 1 + 5 = 2*l - 2*n, -5*l = -2*n - q. What are the prime factors of l?
7
Let y = -2 + 10. Let k = 16 - 6. List the prime factors of (y/(-20))/((-2)/k).
2
Suppose 2*a + 3*n = a + 13, 3*n - 17 = a. Let b be a*(3 + (-3 - -2)). Let m(d) = -d**3 - 5*d**2 - 6*d - 6. List the prime factor